8906 and 22?
22
Calculate the highest common factor of 1722666 and 1290.
258
What is the greatest common factor of 14384 and 119536?
496
Calculate the highest common divisor of 92 and 471339.
23
Calculate the greatest common factor of 315 and 5061.
21
What is the greatest common factor of 8622 and 22401?
9
Calculate the highest common divisor of 16 and 5074600.
8
Calculate the greatest common factor of 51442 and 534.
178
Calculate the highest common factor of 68 and 656540.
68
Calculate the greatest common divisor of 25866 and 270.
54
What is the highest common factor of 24684 and 1734?
102
What is the greatest common divisor of 301 and 392547?
43
Calculate the highest common divisor of 72 and 9684.
36
Calculate the greatest common divisor of 1391 and 171200.
107
What is the greatest common divisor of 576 and 86544?
144
What is the highest common divisor of 18644 and 6004?
316
What is the highest common factor of 580 and 1868905?
145
What is the greatest common factor of 772 and 2950391?
193
Calculate the greatest common factor of 39636 and 768.
12
What is the highest common factor of 15239 and 3421?
311
Calculate the highest common factor of 174 and 34806.
6
What is the highest common factor of 71 and 175157?
71
What is the highest common factor of 428146 and 2166?
722
Calculate the highest common divisor of 18774 and 49.
7
Calculate the highest common factor of 5 and 46120.
5
What is the greatest common factor of 26 and 449397?
13
What is the greatest common divisor of 20 and 116?
4
Calculate the greatest common factor of 12 and 5094.
6
Calculate the highest common factor of 10710 and 14070.
210
What is the highest common divisor of 10 and 248925?
5
Calculate the greatest common divisor of 120 and 5232.
24
Calculate the highest common divisor of 88474 and 62.
62
What is the highest common factor of 518 and 419765?
37
What is the greatest common divisor of 41460 and 60?
60
Calculate the greatest common factor of 546 and 2056509.
273
Calculate the highest common divisor of 64570 and 39916.
1174
Calculate the highest common factor of 194705 and 1015.
35
Calculate the greatest common factor of 32752 and 166608.
1424
Calculate the highest common factor of 254768 and 16.
16
Calculate the greatest common factor of 5984 and 5066.
34
Calculate the highest common divisor of 2892 and 40596.
12
What is the greatest common factor of 15 and 320250?
15
What is the greatest common divisor of 44880 and 45?
15
What is the greatest common factor of 9135 and 945315?
315
Calculate the greatest common divisor of 30266 and 1184.
74
What is the greatest common factor of 1338 and 21?
3
What is the greatest common factor of 16064 and 128?
64
Calculate the greatest common factor of 334 and 339845.
167
Calculate the highest common divisor of 792 and 5016.
264
Calculate the highest common factor of 1050 and 32.
2
Calculate the highest common factor of 202 and 107969.
101
Calculate the greatest common divisor of 31084 and 608.
76
Calculate the greatest common divisor of 69 and 115.
23
What is the highest common factor of 41536 and 68794?
1298
Calculate the greatest common divisor of 3781 and 1007.
19
What is the highest common factor of 371802 and 6?
6
What is the highest common factor of 26448 and 144?
48
Calculate the highest common factor of 115594 and 290.
58
Calculate the highest common factor of 78967 and 203.
203
What is the greatest common factor of 10933 and 609?
29
What is the greatest common factor of 15 and 362535?
15
What is the greatest common divisor of 105094 and 7854?
374
Calculate the greatest common divisor of 564 and 9447.
141
Calculate the highest common divisor of 1037 and 14396.
61
Calculate the greatest common divisor of 10991225 and 4858.
2429
Calculate the highest common divisor of 108032 and 32768.
512
What is the greatest common factor of 107198 and 3306?
38
What is the highest common factor of 99 and 8100?
9
What is the greatest common divisor of 30914 and 22678?
58
What is the greatest common divisor of 22936 and 35624?
488
What is the highest common divisor of 639254 and 392?
98
Calculate the highest common divisor of 876180 and 4080.
1020
What is the highest common factor of 192 and 3938592?
96
Calculate the highest common factor of 783 and 30711.
87
What is the greatest common divisor of 7020 and 820?
20
Calculate the greatest common divisor of 10 and 349175.
5
Calculate the highest common factor of 30 and 8890.
10
Calculate the highest common factor of 186213 and 6.
3
Calculate the highest common divisor of 259 and 12.
1
Calculate the highest common factor of 9632 and 434.
14
What is the highest common factor of 305 and 4392?
61
Calculate the highest common factor of 3040 and 396910.
190
What is the highest common divisor of 1554 and 966?
42
What is the highest common divisor of 1036 and 52696?
28
Calculate the highest common divisor of 111537 and 63.
9
Calculate the highest common divisor of 52 and 37908.
52
What is the highest common divisor of 3002 and 31730?
38
Calculate the highest common factor of 54912 and 9009.
429
Calculate the greatest common divisor of 153 and 2006.
17
Calculate the greatest common factor of 8330 and 686.
98
Calculate the highest common factor of 81730 and 55.
55
What is the greatest common factor of 1632 and 5424?
48
Calculate the greatest common divisor of 75 and 1182.
3
Calculate the highest common factor of 2073181 and 134.
67
Calculate the highest common factor of 34331 and 44.
11
Calculate the highest common factor of 80 and 3182944.
16
What is the greatest common factor of 13961 and 51595?
607
What is the highest common divisor of 4624 and 128?
16
What is the greatest common divisor of 32488 and 786?
262
What is the greatest common factor of 3148 and 960?
4
Calculate the greatest common divisor of 11913 and 33.
33
Calculate the highest common divisor of 15450 and 2850.
150
What is the highest common divisor of 5695 and 255?
85
What is the greatest common divisor of 117472 and 32?
32
Calculate the highest common divisor of 5007 and 321.
3
What is the greatest common factor of 4814 and 3712?
58
Calculate the highest common factor of 8455 and 1424.
89
Calculate the greatest common divisor of 12059 and 279.
31
Calculate the highest common divisor of 26 and 82693.
13
Calculate the greatest common divisor of 27 and 31653.
9
Calculate the highest common factor of 340 and 47872.
68
What is the highest common divisor of 3 and 60387?
3
Calculate the highest common factor of 169 and 229385.
13
Calculate the greatest common divisor of 71428 and 420.
28
Calculate the highest common divisor of 261956 and 43.
43
What is the greatest common factor of 11776 and 46?
46
What is the greatest common factor of 288 and 12632?
8
What is the highest common factor of 59449 and 767?
13
What is the highest common factor of 319 and 6677?
11
Calculate the highest common factor of 18 and 31758.
6
Calculate the highest common divisor of 127210 and 13.
1
Calculate the highest common factor of 18 and 640503.
9
What is the highest common factor of 55 and 20155?
5
What is the highest common divisor of 155 and 10?
5
What is the greatest common divisor of 300 and 81450?
150
What is the highest common divisor of 570752 and 364?
364
Calculate the highest common divisor of 27826 and 50.
2
What is the highest common factor of 224 and 52192?
224
Calculate the highest common factor of 4607 and 147153.
271
Calculate the greatest common factor of 390 and 8358.
6
What is the highest common factor of 559 and 3827?
43
Calculate the highest common divisor of 161 and 70127.
23
Calculate the greatest common factor of 8050 and 4186.
322
What is the greatest common divisor of 277303 and 664?
83
Calculate the greatest common factor of 70344 and 477.
9
What is the highest common factor of 3939 and 481?
13
Calculate the highest common factor of 9204 and 13452.
708
What is the highest common factor of 12 and 78932?
4
What is the highest common factor of 2928 and 3072?
48
Calculate the highest common divisor of 329 and 17927.
7
What is the greatest common divisor of 832 and 37648?
208
What is the greatest common factor of 4601 and 2064?
43
Calculate the greatest common divisor of 1701 and 694899.
81
Calculate the greatest common factor of 13497022 and 154.